{"id":30,"date":"2024-02-25T14:39:06","date_gmt":"2024-02-25T13:39:06","guid":{"rendered":"http:\/\/p662430.webspaceconfig.de\/?page_id=30"},"modified":"2024-02-26T16:36:06","modified_gmt":"2024-02-26T15:36:06","slug":"umweltpolitik","status":"publish","type":"page","link":"https:\/\/www.apelt-gmbh.de\/de\/unternehmen\/umweltpolitik\/","title":{"rendered":"Umweltpolitik"},"content":{"rendered":"\n<h1 class=\"wp-block-heading\">Umweltpolitik<\/h1>\n\n\n\n<p>Umweltschutz liegt uns am Herzen. Wir sind der Meinung, dass es unsere gemeinsame Verpflichtung ist, unsere Umwelt zu sch\u00fctzen. Somit liegt die Verantwortung bei jedem Einzelnen.<\/p>\n\n\n\n<h2 class=\"wp-block-heading\">Ma\u00dfnahmen der G\u00fcnter Apelt GmbH zum Umweltschutz<\/h2>\n\n\n\n<p>Wir verpflichten uns freiwillig:<\/p>\n\n\n\n<ul class=\"wp-block-list\">\n<li>&nbsp;zu allzeit verantwortungsbewusstem Handeln, um die Sicherheit und Gesundheit unserer Besch\u00e4ftigten zu gew\u00e4hrleisten und gleichzeitig die Umwelt nicht zu gef\u00e4hrden. Jeder Mitarbeiter selbst ist f\u00fcr umsichtiges Verhalten in seinem Arbeitsumfeld verantwortlich. Alle Mitarbeiter sollen durch unsere F\u00fchrungskr\u00e4fte bei der Umsetzung eines umweltbewussten Arbeitsplatzes unterst\u00fctzt werden.<\/li>\n\n\n\n<li>die Gesundheitsvorsorge unserer Mitarbeiter durch eine entsprechende Gestaltung des Arbeitsplatzes und -umfelds zu unterst\u00fctzen. Au\u00dferdem sollen durch regelm\u00e4\u00dfige Schulungen und Unterweisungen das Bewusstsein f\u00fcr umwelt- und arbeitsschutzrelevante Ma\u00dfnahmen gest\u00e4rkt werden.<\/li>\n\n\n\n<li>erkannte Umweltrisiken durch kontinuierliche Optimierung der Prozesse zuk\u00fcnftig zu vermeiden. Jeder Mitarbeiter soll erkannte Risiken f\u00fcr Umwelt und Arbeitssicherheit sofort melden, selbst beseitigen oder deren Beseitigung veranlassen.<\/li>\n\n\n\n<li>umweltrelevante Anforderungen bei der Entwicklung oder dem Einsatz neuer Verfahren zu beachten. Auch soll ein bewusster Umgang mit nat\u00fcrlichen Ressourcen gew\u00e4hrleistet und Abfall vermieden oder gering gehalten werden.<\/li>\n\n\n\n<li>die Belegschaft, unsere Kunden, unsere Lieferanten sowie die zust\u00e4ndigen Beh\u00f6rden kontinuierlich \u00fcber unsere Umweltschutzziele und -aktivit\u00e4ten zu informieren. Gegebenenfalls werden diese auch direkt bei der Umsetzung miteinbezogen.<\/li>\n\n\n\n<li>jeden Mitarbeiter dazu anzuhalten, durch umweltbewusstes und zielgerichtetes Handeln bei seiner T\u00e4tigkeit die vorgegebenen Umwelt- und Qualit\u00e4tsziele zu erreichen.<\/li>\n<\/ul>\n","protected":false},"excerpt":{"rendered":"<p>Umweltschutz liegt uns am Herzen.<\/p>\n","protected":false},"author":1,"featured_media":212,"parent":8,"menu_order":29,"comment_status":"closed","ping_status":"closed","template":"template-sidebar.php","meta":{"_acf_changed":false,"footnotes":""},"categories":[],"tags":[],"class_list":["post-30","page","type-page","status-publish","has-post-thumbnail","hentry"],"acf":[],"_links":{"self":[{"href":"https:\/\/www.apelt-gmbh.de\/de\/wp-json\/wp\/v2\/pages\/30","targetHints":{"allow":["GET"]}}],"collection":[{"href":"https:\/\/www.apelt-gmbh.de\/de\/wp-json\/wp\/v2\/pages"}],"about":[{"href":"https:\/\/www.apelt-gmbh.de\/de\/wp-json\/wp\/v2\/types\/page"}],"author":[{"embeddable":true,"href":"https:\/\/www.apelt-gmbh.de\/de\/wp-json\/wp\/v2\/users\/1"}],"replies":[{"embeddable":true,"href":"https:\/\/www.apelt-gmbh.de\/de\/wp-json\/wp\/v2\/comments?post=30"}],"version-history":[{"count":4,"href":"https:\/\/www.apelt-gmbh.de\/de\/wp-json\/wp\/v2\/pages\/30\/revisions"}],"predecessor-version":[{"id":331,"href":"https:\/\/www.apelt-gmbh.de\/de\/wp-json\/wp\/v2\/pages\/30\/revisions\/331"}],"up":[{"embeddable":true,"href":"https:\/\/www.apelt-gmbh.de\/de\/wp-json\/wp\/v2\/pages\/8"}],"wp:featuredmedia":[{"embeddable":true,"href":"https:\/\/www.apelt-gmbh.de\/de\/wp-json\/wp\/v2\/media\/212"}],"wp:attachment":[{"href":"https:\/\/www.apelt-gmbh.de\/de\/wp-json\/wp\/v2\/media?parent=30"}],"wp:term":[{"taxonomy":"category","embeddable":true,"href":"https:\/\/www.apelt-gmbh.de\/de\/wp-json\/wp\/v2\/categories?post=30"},{"taxonomy":"post_tag","embeddable":true,"href":"https:\/\/www.apelt-gmbh.de\/de\/wp-json\/wp\/v2\/tags?post=30"}],"curies":[{"name":"wp","href":"https:\/\/api.w.org\/{rel}","templated":true}]}}

<h1 class="wp-block-heading">Umweltpolitik</h1>



<p>Umweltschutz liegt uns am Herzen. Wir sind der Meinung, dass es unsere gemeinsame Verpflichtung ist, unsere Umwelt zu schützen. Somit liegt die Verantwortung bei jedem Einzelnen.</p>



<h2 class="wp-block-heading">Maßnahmen der Günter Apelt GmbH zum Umweltschutz</h2>



<p>Wir verpflichten uns freiwillig:</p>



<ul class="wp-block-list">
<li>&nbsp;zu allzeit verantwortungsbewusstem Handeln, um die Sicherheit und Gesundheit unserer Beschäftigten zu gewährleisten und gleichzeitig die Umwelt nicht zu gefährden. Jeder Mitarbeiter selbst ist für umsichtiges Verhalten in seinem Arbeitsumfeld verantwortlich. Alle Mitarbeiter sollen durch unsere Führungskräfte bei der Umsetzung eines umweltbewussten Arbeitsplatzes unterstützt werden.</li>



<li>die Gesundheitsvorsorge unserer Mitarbeiter durch eine entsprechende Gestaltung des Arbeitsplatzes und -umfelds zu unterstützen. Außerdem sollen durch regelmäßige Schulungen und Unterweisungen das Bewusstsein für umwelt- und arbeitsschutzrelevante Maßnahmen gestärkt werden.</li>



<li>erkannte Umweltrisiken durch kontinuierliche Optimierung der Prozesse zukünftig zu vermeiden. Jeder Mitarbeiter soll erkannte Risiken für Umwelt und Arbeitssicherheit sofort melden, selbst beseitigen oder deren Beseitigung veranlassen.</li>



<li>umweltrelevante Anforderungen bei der Entwicklung oder dem Einsatz neuer Verfahren zu beachten. Auch soll ein bewusster Umgang mit natürlichen Ressourcen gewährleistet und Abfall vermieden oder gering gehalten werden.</li>



<li>die Belegschaft, unsere Kunden, unsere Lieferanten sowie die zuständigen Behörden kontinuierlich über unsere Umweltschutzziele und -aktivitäten zu informieren. Gegebenenfalls werden diese auch direkt bei der Umsetzung miteinbezogen.</li>



<li>jeden Mitarbeiter dazu anzuhalten, durch umweltbewusstes und zielgerichtetes Handeln bei seiner Tätigkeit die vorgegebenen Umwelt- und Qualitätsziele zu erreichen.</li>
</ul>
