{"id":42,"date":"2024-02-25T13:41:44","date_gmt":"2024-02-25T12:41:44","guid":{"rendered":"http:\/\/p662430.webspaceconfig.de\/?page_id=42"},"modified":"2024-03-04T15:49:22","modified_gmt":"2024-03-04T14:49:22","slug":"fraesen","status":"publish","type":"page","link":"https:\/\/www.apelt-gmbh.de\/de\/leistungen\/fraesen\/","title":{"rendered":"Fr\u00e4sen"},"content":{"rendered":"\n<h1 class=\"wp-block-heading\">Fr\u00e4sen<\/h1>\n\n\n\n<div class=\"wp-block-media-text is-stacked-on-mobile\" style=\"grid-template-columns:29% auto\"><figure class=\"wp-block-media-text__media\"><img decoding=\"async\" src=\"https:\/\/www.apelt-gmbh.de\/images\/apelt\/ansprechpartner\/harry-konrad-apelt.jpg\" alt=\"Harry Konrad\"\/><\/figure><div class=\"wp-block-media-text__content\">\n<blockquote class=\"wp-block-quote is-layout-flow wp-block-quote-is-layout-flow\">\n<p><em>\u201e5-Achs-Simultanfr\u00e4sen&nbsp;direkt vom 3D-Modell?&nbsp;Ob Prototypen, Kleinserien oder Serien: Bei uns sind Sie richtig!\u201c<\/em><\/p>\n<cite>Harry Konrad, Technologie-Projektierung&nbsp;<\/cite><\/blockquote>\n<\/div><\/div>\n\n\n\n<div style=\"height:30px\" aria-hidden=\"true\" class=\"wp-block-spacer\"><\/div>\n\n\n\n<h2 class=\"wp-block-heading\">Vieles ist relativ \u2013 Apelt-Pr\u00e4zision ist absolut.<\/h2>\n\n\n\n<p>Wenn wir bei Apelt von absoluter Pr\u00e4zision reden, dann meinen wir Genauigkeit, die viele nur aus der Theorie kennen. Unsere g\u00e4ngigste Ma\u00dfeinheit ist \u00b5\u2013 daf\u00fcr sind unsere Prozesse und Verfahren ausgelegt und in diesem Metier sind wir zuhause. Wer absolute Pr\u00e4zision will, kommt zu Apelt.<\/p>\n\n\n\n<figure class=\"wp-block-image\"><img decoding=\"async\" src=\"https:\/\/www.apelt-gmbh.de\/images\/apelt\/leistungen\/fraesteile-apelt.jpg\" alt=\"Fr\u00e4sen Apelt\" title=\"Fr\u00e4sen Apelt\"\/><figcaption class=\"wp-element-caption\">Luftfahrtkomponenten, gefertigt in 5-Achs-Simultantechnik<br><\/figcaption><\/figure>\n\n\n\n<h4 class=\"wp-block-heading\">Einblicke in unsere Arbeit&nbsp;\u2013 Fr\u00e4steile<\/h4>\n\n\n\n<div class=\"wp-block-media-text is-stacked-on-mobile\"><figure class=\"wp-block-media-text__media\"><img decoding=\"async\" src=\"https:\/\/www.apelt-gmbh.de\/images\/apelt\/leistungen\/fraesteil1-luftfahrt-apelt.jpg\" alt=\"Fr\u00e4steil Luftfahrt Apelt\"\/><\/figure><div class=\"wp-block-media-text__content\">\n<h3 class=\"wp-block-heading\">Fr\u00e4steil f\u00fcr die Luftfahrt<\/h3>\n\n\n\n<ul class=\"wp-block-list\">\n<li>Anwendung: Luftfahrt<\/li>\n\n\n\n<li>Werkstoff: 2.0978<\/li>\n\n\n\n<li>Fertigungsweise: 5-Achs-Simultantechnik<\/li>\n<\/ul>\n<\/div><\/div>\n\n\n\n<div style=\"height:60px\" aria-hidden=\"true\" class=\"wp-block-spacer\"><\/div>\n\n\n\n<div class=\"wp-block-media-text is-stacked-on-mobile\"><figure class=\"wp-block-media-text__media\"><img decoding=\"async\" src=\"https:\/\/www.apelt-gmbh.de\/images\/apelt\/leistungen\/fraesteil2-luftfahrt-apelt.jpg\" alt=\"Fr\u00e4steil Luftfahrt Apelt\"\/><\/figure><div class=\"wp-block-media-text__content\">\n<h3 class=\"wp-block-heading\">Fr\u00e4steil f\u00fcr die Luftfahrt<\/h3>\n\n\n\n<ul class=\"wp-block-list\">\n<li>Anwendung: Luftfahrt<\/li>\n\n\n\n<li>Werkstoff: Aluminium<\/li>\n<\/ul>\n<\/div><\/div>\n\n\n\n<div style=\"height:60px\" aria-hidden=\"true\" class=\"wp-block-spacer\"><\/div>\n\n\n\n<div class=\"wp-block-media-text is-stacked-on-mobile\"><figure class=\"wp-block-media-text__media\"><img decoding=\"async\" src=\"https:\/\/www.apelt-gmbh.de\/images\/apelt\/leistungen\/dreh-fraesteil1-luftfahrt-apelt.jpg\" alt=\"Dreh-\/Fr\u00e4steil Luftfahrt Apelt\"\/><\/figure><div class=\"wp-block-media-text__content\">\n<h3 class=\"wp-block-heading\">Dreh-\/Fr\u00e4steil f\u00fcr die Luftfahrt<\/h3>\n\n\n\n<ul class=\"wp-block-list\">\n<li>Anwendung: Luftfahrt<\/li>\n\n\n\n<li>Werkstoff: 1.4545.4<\/li>\n\n\n\n<li>Fertigungsweise: Drehen und Fr\u00e4sen<\/li>\n\n\n\n<li>Einzelteil f\u00fcr Aktuatoren<\/li>\n<\/ul>\n<\/div><\/div>\n\n\n\n<div style=\"height:60px\" aria-hidden=\"true\" class=\"wp-block-spacer\"><\/div>\n\n\n\n<div class=\"wp-block-media-text is-stacked-on-mobile\"><figure class=\"wp-block-media-text__media\"><img decoding=\"async\" src=\"https:\/\/www.apelt-gmbh.de\/images\/apelt\/leistungen\/dreh-fraesteil2-luftfahrt-apelt.jpg\" alt=\"Dreh-\/Fr\u00e4steil Luftfahrt Apelt\"\/><\/figure><div class=\"wp-block-media-text__content\">\n<h3 class=\"wp-block-heading\"><br>Dreh-\/Fr\u00e4steil f\u00fcr die Luftfahrt<\/h3>\n\n\n\n<ul class=\"wp-block-list\">\n<li>Anwendung: Luftfahrt<\/li>\n\n\n\n<li>Werkstoff: 1.4545.4<\/li>\n\n\n\n<li>Hoch-Sicherheitsteil<\/li>\n<\/ul>\n<\/div><\/div>\n\n\n\n<div style=\"height:60px\" aria-hidden=\"true\" class=\"wp-block-spacer\"><\/div>\n\n\n\n<div class=\"wp-block-media-text is-stacked-on-mobile\"><figure class=\"wp-block-media-text__media\"><img decoding=\"async\" src=\"https:\/\/www.apelt-gmbh.de\/images\/apelt\/leistungen\/fraesteil1-mess-regeltechnik-apelt.jpg\" alt=\"Fr\u00e4steil Mess- und Regeltechnik Apelt\"\/><\/figure><div class=\"wp-block-media-text__content\">\n<h3 class=\"wp-block-heading\"><br>Fr\u00e4steil f\u00fcr die Mess- und Regeltechnik<\/h3>\n\n\n\n<ul class=\"wp-block-list\">\n<li>Anwendung: Mess- und Regeltechnik<\/li>\n\n\n\n<li>Werkstoff: 1.4305<\/li>\n\n\n\n<li>Fertigungsweise: 5-Achs-\/6-Seitenbearbeitung<\/li>\n<\/ul>\n<\/div><\/div>\n\n\n\n<div style=\"height:60px\" aria-hidden=\"true\" class=\"wp-block-spacer\"><\/div>\n\n\n\n<div class=\"wp-block-media-text is-stacked-on-mobile\"><figure class=\"wp-block-media-text__media\"><img decoding=\"async\" src=\"https:\/\/www.apelt-gmbh.de\/images\/apelt\/leistungen\/fraesteil1-maschinenbau-apelt.jpg\" alt=\"Fr\u00e4steil Maschinenbau Apelt\"\/><\/figure><div class=\"wp-block-media-text__content\">\n<h3 class=\"wp-block-heading\">Fr\u00e4steil f\u00fcr den Maschinenbau<\/h3>\n\n\n\n<ul class=\"wp-block-list\">\n<li>Anwendung: Maschinenbau\/Werkzeugtechnik<\/li>\n\n\n\n<li>Werkstoff: Aluminium eloxiert<\/li>\n<\/ul>\n<\/div><\/div>\n\n\n\n<h2 class=\"wp-block-heading\">Maschinenaufstellung Fr\u00e4serei<\/h2>\n\n\n\n<ul class=\"wp-block-list\">\n<li>Vertikal-Bearbeitungszentrum mit 5-Achsen Arbeitsbereich 500 x 300 x 200 mm<\/li>\n\n\n\n<li>Bearbeitungszentrum mit 5 Achsen, Schwenkfr\u00e4skopf und Palettenwechsler, Arbeitsbereich 600 x 400 x 400 mm, 60 WZ<\/li>\n\n\n\n<li>Vertikal-Bearbeitungszentrum mit 5 Achsen, Arbeitsbereich 600 x 600 x 500 mm mit Handlingsystem<\/li>\n\n\n\n<li>Horizontal-Bearbeitungszentrum mit 4-Achsen und Palettenwechsler, Arbeitsbereich 560 x 660 x 560 mm<\/li>\n\n\n\n<li>Vertikal-Bearbeitungszentren mit Palettenwechsler, Arbeitsbereich 500 x 250 x 300 mm<\/li>\n<\/ul>\n","protected":false},"excerpt":{"rendered":"<p>Ob Prototypen, Kleinserien oder Serien: Bei uns sind Sie richtig!<\/p>\n","protected":false},"author":1,"featured_media":354,"parent":10,"menu_order":18,"comment_status":"closed","ping_status":"closed","template":"template-sidebar.php","meta":{"_acf_changed":false,"footnotes":""},"categories":[],"tags":[],"class_list":["post-42","page","type-page","status-publish","has-post-thumbnail","hentry"],"acf":[],"_links":{"self":[{"href":"https:\/\/www.apelt-gmbh.de\/de\/wp-json\/wp\/v2\/pages\/42","targetHints":{"allow":["GET"]}}],"collection":[{"href":"https:\/\/www.apelt-gmbh.de\/de\/wp-json\/wp\/v2\/pages"}],"about":[{"href":"https:\/\/www.apelt-gmbh.de\/de\/wp-json\/wp\/v2\/types\/page"}],"author":[{"embeddable":true,"href":"https:\/\/www.apelt-gmbh.de\/de\/wp-json\/wp\/v2\/users\/1"}],"replies":[{"embeddable":true,"href":"https:\/\/www.apelt-gmbh.de\/de\/wp-json\/wp\/v2\/comments?post=42"}],"version-history":[{"count":8,"href":"https:\/\/www.apelt-gmbh.de\/de\/wp-json\/wp\/v2\/pages\/42\/revisions"}],"predecessor-version":[{"id":415,"href":"https:\/\/www.apelt-gmbh.de\/de\/wp-json\/wp\/v2\/pages\/42\/revisions\/415"}],"up":[{"embeddable":true,"href":"https:\/\/www.apelt-gmbh.de\/de\/wp-json\/wp\/v2\/pages\/10"}],"wp:featuredmedia":[{"embeddable":true,"href":"https:\/\/www.apelt-gmbh.de\/de\/wp-json\/wp\/v2\/media\/354"}],"wp:attachment":[{"href":"https:\/\/www.apelt-gmbh.de\/de\/wp-json\/wp\/v2\/media?parent=42"}],"wp:term":[{"taxonomy":"category","embeddable":true,"href":"https:\/\/www.apelt-gmbh.de\/de\/wp-json\/wp\/v2\/categories?post=42"},{"taxonomy":"post_tag","embeddable":true,"href":"https:\/\/www.apelt-gmbh.de\/de\/wp-json\/wp\/v2\/tags?post=42"}],"curies":[{"name":"wp","href":"https:\/\/api.w.org\/{rel}","templated":true}]}}

Fräsen

<h1 class="wp-block-heading">Fräsen</h1>



<div class="wp-block-media-text is-stacked-on-mobile" style="grid-template-columns:29% auto"><figure class="wp-block-media-text__media"><img decoding="async" src="https://www.apelt-gmbh.de/images/apelt/ansprechpartner/harry-konrad-apelt.jpg" alt="Harry Konrad"/></figure><div class="wp-block-media-text__content">
<blockquote class="wp-block-quote is-layout-flow wp-block-quote-is-layout-flow">
<p><em>„5-Achs-Simultanfräsen&nbsp;direkt vom 3D-Modell?&nbsp;Ob Prototypen, Kleinserien oder Serien: Bei uns sind Sie richtig!“</em></p>
<cite>Harry Konrad, Technologie-Projektierung&nbsp;</cite></blockquote>
</div></div>



<div style="height:30px" aria-hidden="true" class="wp-block-spacer"></div>



<h2 class="wp-block-heading">Vieles ist relativ – Apelt-Präzision ist absolut.</h2>



<p>Wenn wir bei Apelt von absoluter Präzision reden, dann meinen wir Genauigkeit, die viele nur aus der Theorie kennen. Unsere gängigste Maßeinheit ist µ– dafür sind unsere Prozesse und Verfahren ausgelegt und in diesem Metier sind wir zuhause. Wer absolute Präzision will, kommt zu Apelt.</p>



<figure class="wp-block-image"><img decoding="async" src="https://www.apelt-gmbh.de/images/apelt/leistungen/fraesteile-apelt.jpg" alt="Fräsen Apelt" title="Fräsen Apelt"/><figcaption class="wp-element-caption">Luftfahrtkomponenten, gefertigt in 5-Achs-Simultantechnik<br></figcaption></figure>



<h4 class="wp-block-heading">Einblicke in unsere Arbeit&nbsp;– Frästeile</h4>



<div class="wp-block-media-text is-stacked-on-mobile"><figure class="wp-block-media-text__media"><img decoding="async" src="https://www.apelt-gmbh.de/images/apelt/leistungen/fraesteil1-luftfahrt-apelt.jpg" alt="Frästeil Luftfahrt Apelt"/></figure><div class="wp-block-media-text__content">
<h3 class="wp-block-heading">Frästeil für die Luftfahrt</h3>



<ul class="wp-block-list">
<li>Anwendung: Luftfahrt</li>



<li>Werkstoff: 2.0978</li>



<li>Fertigungsweise: 5-Achs-Simultantechnik</li>
</ul>
</div></div>



<div style="height:60px" aria-hidden="true" class="wp-block-spacer"></div>



<div class="wp-block-media-text is-stacked-on-mobile"><figure class="wp-block-media-text__media"><img decoding="async" src="https://www.apelt-gmbh.de/images/apelt/leistungen/fraesteil2-luftfahrt-apelt.jpg" alt="Frästeil Luftfahrt Apelt"/></figure><div class="wp-block-media-text__content">
<h3 class="wp-block-heading">Frästeil für die Luftfahrt</h3>



<ul class="wp-block-list">
<li>Anwendung: Luftfahrt</li>



<li>Werkstoff: Aluminium</li>
</ul>
</div></div>



<div style="height:60px" aria-hidden="true" class="wp-block-spacer"></div>



<div class="wp-block-media-text is-stacked-on-mobile"><figure class="wp-block-media-text__media"><img decoding="async" src="https://www.apelt-gmbh.de/images/apelt/leistungen/dreh-fraesteil1-luftfahrt-apelt.jpg" alt="Dreh-/Frästeil Luftfahrt Apelt"/></figure><div class="wp-block-media-text__content">
<h3 class="wp-block-heading">Dreh-/Frästeil für die Luftfahrt</h3>



<ul class="wp-block-list">
<li>Anwendung: Luftfahrt</li>



<li>Werkstoff: 1.4545.4</li>



<li>Fertigungsweise: Drehen und Fräsen</li>



<li>Einzelteil für Aktuatoren</li>
</ul>
</div></div>



<div style="height:60px" aria-hidden="true" class="wp-block-spacer"></div>



<div class="wp-block-media-text is-stacked-on-mobile"><figure class="wp-block-media-text__media"><img decoding="async" src="https://www.apelt-gmbh.de/images/apelt/leistungen/dreh-fraesteil2-luftfahrt-apelt.jpg" alt="Dreh-/Frästeil Luftfahrt Apelt"/></figure><div class="wp-block-media-text__content">
<h3 class="wp-block-heading"><br>Dreh-/Frästeil für die Luftfahrt</h3>



<ul class="wp-block-list">
<li>Anwendung: Luftfahrt</li>



<li>Werkstoff: 1.4545.4</li>



<li>Hoch-Sicherheitsteil</li>
</ul>
</div></div>



<div style="height:60px" aria-hidden="true" class="wp-block-spacer"></div>



<div class="wp-block-media-text is-stacked-on-mobile"><figure class="wp-block-media-text__media"><img decoding="async" src="https://www.apelt-gmbh.de/images/apelt/leistungen/fraesteil1-mess-regeltechnik-apelt.jpg" alt="Frästeil Mess- und Regeltechnik Apelt"/></figure><div class="wp-block-media-text__content">
<h3 class="wp-block-heading"><br>Frästeil für die Mess- und Regeltechnik</h3>



<ul class="wp-block-list">
<li>Anwendung: Mess- und Regeltechnik</li>



<li>Werkstoff: 1.4305</li>



<li>Fertigungsweise: 5-Achs-/6-Seitenbearbeitung</li>
</ul>
</div></div>



<div style="height:60px" aria-hidden="true" class="wp-block-spacer"></div>



<div class="wp-block-media-text is-stacked-on-mobile"><figure class="wp-block-media-text__media"><img decoding="async" src="https://www.apelt-gmbh.de/images/apelt/leistungen/fraesteil1-maschinenbau-apelt.jpg" alt="Frästeil Maschinenbau Apelt"/></figure><div class="wp-block-media-text__content">
<h3 class="wp-block-heading">Frästeil für den Maschinenbau</h3>



<ul class="wp-block-list">
<li>Anwendung: Maschinenbau/Werkzeugtechnik</li>



<li>Werkstoff: Aluminium eloxiert</li>
</ul>
</div></div>



<h2 class="wp-block-heading">Maschinenaufstellung Fräserei</h2>



<ul class="wp-block-list">
<li>Vertikal-Bearbeitungszentrum mit 5-Achsen Arbeitsbereich 500 x 300 x 200 mm</li>



<li>Bearbeitungszentrum mit 5 Achsen, Schwenkfräskopf und Palettenwechsler, Arbeitsbereich 600 x 400 x 400 mm, 60 WZ</li>



<li>Vertikal-Bearbeitungszentrum mit 5 Achsen, Arbeitsbereich 600 x 600 x 500 mm mit Handlingsystem</li>



<li>Horizontal-Bearbeitungszentrum mit 4-Achsen und Palettenwechsler, Arbeitsbereich 560 x 660 x 560 mm</li>



<li>Vertikal-Bearbeitungszentren mit Palettenwechsler, Arbeitsbereich 500 x 250 x 300 mm</li>
</ul>
