{"id":44,"date":"2024-02-25T14:41:56","date_gmt":"2024-02-25T13:41:56","guid":{"rendered":"http:\/\/p662430.webspaceconfig.de\/?page_id=44"},"modified":"2024-03-04T15:49:26","modified_gmt":"2024-03-04T14:49:26","slug":"schleifen","status":"publish","type":"page","link":"https:\/\/www.apelt-gmbh.de\/de\/leistungen\/schleifen\/","title":{"rendered":"Schleifen"},"content":{"rendered":"\n<h1 class=\"wp-block-heading\">Schleifen<\/h1>\n\n\n\n<div class=\"wp-block-media-text is-stacked-on-mobile\" style=\"grid-template-columns:28% auto\"><figure class=\"wp-block-media-text__media\"><img decoding=\"async\" src=\"https:\/\/www.apelt-gmbh.de\/images\/apelt\/ansprechpartner\/hans-martin-stoll-apelt.jpg\" alt=\"Hans-Martin Stoll\"\/><\/figure><div class=\"wp-block-media-text__content\">\n<blockquote class=\"wp-block-quote is-layout-flow wp-block-quote-is-layout-flow\">\n<p><br><em>\u201eAu\u00dfenrundschleifen, Flachschleifen, Honen:&nbsp;Bei uns finden Sie alles unter einem Dach.\u201c<\/em><\/p>\n<cite>Hans-Martin Stoll, Fertigungsleiter<\/cite><\/blockquote>\n<\/div><\/div>\n\n\n\n<div style=\"height:30px\" aria-hidden=\"true\" class=\"wp-block-spacer\"><\/div>\n\n\n\n<h2 class=\"wp-block-heading\">Genauigkeit bis ins kleinste Detail.<\/h2>\n\n\n\n<p>Schleifen 4.0 by Apelt erm\u00f6glicht absolute Pr\u00e4zision f\u00fcr High-End-Ergebnisse mit Nulltoleranz.<\/p>\n\n\n\n<figure class=\"wp-block-image\"><img decoding=\"async\" src=\"https:\/\/www.apelt-gmbh.de\/images\/apelt\/leistungen\/schleifteile-apelt.jpg\" alt=\"Schleifteile Apelt\" title=\"Schleifteile Apelt\"\/><figcaption class=\"wp-element-caption\"><strong>Beispiele aus unserem Teileprogramm<\/strong><\/figcaption><\/figure>\n\n\n\n<div style=\"height:60px\" aria-hidden=\"true\" class=\"wp-block-spacer\"><\/div>\n\n\n\n<h2 class=\"wp-block-heading\">Einblicke in unsere Arbeit&nbsp;\u2013 Schleifteile<\/h2>\n\n\n\n<div class=\"wp-block-media-text is-stacked-on-mobile\"><figure class=\"wp-block-media-text__media\"><img decoding=\"async\" src=\"https:\/\/www.apelt-gmbh.de\/images\/apelt\/leistungen\/schleifteil1-mess-regeltechnik-apelt.jpg\" alt=\"Schleifteil Mess- und Regeltechnik Apelt\"\/><\/figure><div class=\"wp-block-media-text__content\">\n<h3 class=\"wp-block-heading\"><br>Schleifteil f\u00fcr die Mess- und Regeltechnik<\/h3>\n\n\n\n<ul class=\"wp-block-list\">\n<li>Anwendung: Mess- und Regeltechnik<\/li>\n\n\n\n<li>Werkstoff: geh\u00e4rteter Spezialstahl<\/li>\n\n\n\n<li>Herausforderung: hohe Rundlaufanforderungen<\/li>\n<\/ul>\n<\/div><\/div>\n\n\n\n<div style=\"height:60px\" aria-hidden=\"true\" class=\"wp-block-spacer\"><\/div>\n\n\n\n<div class=\"wp-block-media-text is-stacked-on-mobile\"><figure class=\"wp-block-media-text__media\"><img decoding=\"async\" src=\"https:\/\/www.apelt-gmbh.de\/images\/apelt\/leistungen\/schleifteil1-maschinenbau-apelt.jpg\" alt=\"Schleifteil Maschinenbau Apelt\"\/><\/figure><div class=\"wp-block-media-text__content\">\n<h3 class=\"wp-block-heading\"><br>Schleifteil f\u00fcr den Maschinenbau<\/h3>\n\n\n\n<ul class=\"wp-block-list\">\n<li>Anwendung: Maschinenbau\/Food and Beverage<\/li>\n\n\n\n<li>Werkstoff: 1.4404<\/li>\n\n\n\n<li>Herausforderung: durchgehende Innennut, drallfrei geschliffen<\/li>\n<\/ul>\n<\/div><\/div>\n\n\n\n<div style=\"height:60px\" aria-hidden=\"true\" class=\"wp-block-spacer\"><\/div>\n\n\n\n<div class=\"wp-block-media-text is-stacked-on-mobile\"><figure class=\"wp-block-media-text__media\"><img decoding=\"async\" src=\"https:\/\/www.apelt-gmbh.de\/images\/apelt\/leistungen\/schleifteil2-maschinenbau-apelt.jpg\" alt=\"Schleifteil Maschinenbau Apelt\"\/><\/figure><div class=\"wp-block-media-text__content\">\n<h3 class=\"wp-block-heading\">Schleifteil f\u00fcr den Maschinenbau<\/h3>\n\n\n\n<ul class=\"wp-block-list\">\n<li>Anwendung: Maschinenbau<\/li>\n\n\n\n<li>Werkstoff: geh\u00e4rteter Spezialstahl<\/li>\n\n\n\n<li>Herausforderung: hohe Rundlaufanforderungen<\/li>\n<\/ul>\n<\/div><\/div>\n\n\n\n<div style=\"height:60px\" aria-hidden=\"true\" class=\"wp-block-spacer\"><\/div>\n\n\n\n<h2 class=\"wp-block-heading\">Maschinenaufstellung Schleiferei<\/h2>\n\n\n\n<ul class=\"wp-block-list\">\n<li>CNC-Universalrundschleifmaschine mit Messsteuerung bis \u00d8 80 x 350 mm<\/li>\n\n\n\n<li>Au\u00dfenrundschleifmaschinen bis \u00d8 80 x 400 mm<\/li>\n\n\n\n<li>Spitzenlos-Au\u00dfenrundschleifmaschine bis \u00d8 40 mm<\/li>\n\n\n\n<li>Flachschleifmaschinen mit Arbeitsbereich 300 x 600 mm<\/li>\n\n\n\n<li>Honmaschine mit Messsteuerung \u00d8 1,5 bis 150 mm<\/li>\n<\/ul>\n","protected":false},"excerpt":{"rendered":"<p>Au\u00dfenrundschleifen, Flachschleifen, Honen: Bei uns finden Sie alles unter einem Dach.<\/p>\n","protected":false},"author":1,"featured_media":261,"parent":10,"menu_order":19,"comment_status":"closed","ping_status":"closed","template":"template-sidebar.php","meta":{"_acf_changed":false,"footnotes":""},"categories":[],"tags":[],"class_list":["post-44","page","type-page","status-publish","has-post-thumbnail","hentry"],"acf":[],"_links":{"self":[{"href":"https:\/\/www.apelt-gmbh.de\/de\/wp-json\/wp\/v2\/pages\/44","targetHints":{"allow":["GET"]}}],"collection":[{"href":"https:\/\/www.apelt-gmbh.de\/de\/wp-json\/wp\/v2\/pages"}],"about":[{"href":"https:\/\/www.apelt-gmbh.de\/de\/wp-json\/wp\/v2\/types\/page"}],"author":[{"embeddable":true,"href":"https:\/\/www.apelt-gmbh.de\/de\/wp-json\/wp\/v2\/users\/1"}],"replies":[{"embeddable":true,"href":"https:\/\/www.apelt-gmbh.de\/de\/wp-json\/wp\/v2\/comments?post=44"}],"version-history":[{"count":6,"href":"https:\/\/www.apelt-gmbh.de\/de\/wp-json\/wp\/v2\/pages\/44\/revisions"}],"predecessor-version":[{"id":418,"href":"https:\/\/www.apelt-gmbh.de\/de\/wp-json\/wp\/v2\/pages\/44\/revisions\/418"}],"up":[{"embeddable":true,"href":"https:\/\/www.apelt-gmbh.de\/de\/wp-json\/wp\/v2\/pages\/10"}],"wp:featuredmedia":[{"embeddable":true,"href":"https:\/\/www.apelt-gmbh.de\/de\/wp-json\/wp\/v2\/media\/261"}],"wp:attachment":[{"href":"https:\/\/www.apelt-gmbh.de\/de\/wp-json\/wp\/v2\/media?parent=44"}],"wp:term":[{"taxonomy":"category","embeddable":true,"href":"https:\/\/www.apelt-gmbh.de\/de\/wp-json\/wp\/v2\/categories?post=44"},{"taxonomy":"post_tag","embeddable":true,"href":"https:\/\/www.apelt-gmbh.de\/de\/wp-json\/wp\/v2\/tags?post=44"}],"curies":[{"name":"wp","href":"https:\/\/api.w.org\/{rel}","templated":true}]}}

<h1 class="wp-block-heading">Schleifen</h1>



<div class="wp-block-media-text is-stacked-on-mobile" style="grid-template-columns:28% auto"><figure class="wp-block-media-text__media"><img decoding="async" src="https://www.apelt-gmbh.de/images/apelt/ansprechpartner/hans-martin-stoll-apelt.jpg" alt="Hans-Martin Stoll"/></figure><div class="wp-block-media-text__content">
<blockquote class="wp-block-quote is-layout-flow wp-block-quote-is-layout-flow">
<p><br><em>„Außenrundschleifen, Flachschleifen, Honen:&nbsp;Bei uns finden Sie alles unter einem Dach.“</em></p>
<cite>Hans-Martin Stoll, Fertigungsleiter</cite></blockquote>
</div></div>



<div style="height:30px" aria-hidden="true" class="wp-block-spacer"></div>



<h2 class="wp-block-heading">Genauigkeit bis ins kleinste Detail.</h2>



<p>Schleifen 4.0 by Apelt ermöglicht absolute Präzision für High-End-Ergebnisse mit Nulltoleranz.</p>



<figure class="wp-block-image"><img decoding="async" src="https://www.apelt-gmbh.de/images/apelt/leistungen/schleifteile-apelt.jpg" alt="Schleifteile Apelt" title="Schleifteile Apelt"/><figcaption class="wp-element-caption"><strong>Beispiele aus unserem Teileprogramm</strong></figcaption></figure>



<div style="height:60px" aria-hidden="true" class="wp-block-spacer"></div>



<h2 class="wp-block-heading">Einblicke in unsere Arbeit&nbsp;– Schleifteile</h2>



<div class="wp-block-media-text is-stacked-on-mobile"><figure class="wp-block-media-text__media"><img decoding="async" src="https://www.apelt-gmbh.de/images/apelt/leistungen/schleifteil1-mess-regeltechnik-apelt.jpg" alt="Schleifteil Mess- und Regeltechnik Apelt"/></figure><div class="wp-block-media-text__content">
<h3 class="wp-block-heading"><br>Schleifteil für die Mess- und Regeltechnik</h3>



<ul class="wp-block-list">
<li>Anwendung: Mess- und Regeltechnik</li>



<li>Werkstoff: gehärteter Spezialstahl</li>



<li>Herausforderung: hohe Rundlaufanforderungen</li>
</ul>
</div></div>



<div style="height:60px" aria-hidden="true" class="wp-block-spacer"></div>



<div class="wp-block-media-text is-stacked-on-mobile"><figure class="wp-block-media-text__media"><img decoding="async" src="https://www.apelt-gmbh.de/images/apelt/leistungen/schleifteil1-maschinenbau-apelt.jpg" alt="Schleifteil Maschinenbau Apelt"/></figure><div class="wp-block-media-text__content">
<h3 class="wp-block-heading"><br>Schleifteil für den Maschinenbau</h3>



<ul class="wp-block-list">
<li>Anwendung: Maschinenbau/Food and Beverage</li>



<li>Werkstoff: 1.4404</li>



<li>Herausforderung: durchgehende Innennut, drallfrei geschliffen</li>
</ul>
</div></div>



<div style="height:60px" aria-hidden="true" class="wp-block-spacer"></div>



<div class="wp-block-media-text is-stacked-on-mobile"><figure class="wp-block-media-text__media"><img decoding="async" src="https://www.apelt-gmbh.de/images/apelt/leistungen/schleifteil2-maschinenbau-apelt.jpg" alt="Schleifteil Maschinenbau Apelt"/></figure><div class="wp-block-media-text__content">
<h3 class="wp-block-heading">Schleifteil für den Maschinenbau</h3>



<ul class="wp-block-list">
<li>Anwendung: Maschinenbau</li>



<li>Werkstoff: gehärteter Spezialstahl</li>



<li>Herausforderung: hohe Rundlaufanforderungen</li>
</ul>
</div></div>



<div style="height:60px" aria-hidden="true" class="wp-block-spacer"></div>



<h2 class="wp-block-heading">Maschinenaufstellung Schleiferei</h2>



<ul class="wp-block-list">
<li>CNC-Universalrundschleifmaschine mit Messsteuerung bis Ø 80 x 350 mm</li>



<li>Außenrundschleifmaschinen bis Ø 80 x 400 mm</li>



<li>Spitzenlos-Außenrundschleifmaschine bis Ø 40 mm</li>



<li>Flachschleifmaschinen mit Arbeitsbereich 300 x 600 mm</li>



<li>Honmaschine mit Messsteuerung Ø 1,5 bis 150 mm</li>
</ul>

<p>Außenrundschleifen, Flachschleifen, Honen: Bei uns finden Sie alles unter einem Dach.</p>
